 - -10459. Calculate the highest common factor of c and 112.
56
Suppose 0 = 9*a - 11*a - 20. Let m be (a/(-3))/(-2) - (-2)/3. Let z be -2 - -29 - 0/m. What is the highest common divisor of z and 297?
27
Suppose -27*x + 30*x - 25 = -4*n, 0 = -5*n + x + 17. Suppose 5*i - 40 = -n*u + i, 0 = -3*u - i + 30. What is the greatest common divisor of u and 670?
10
Let u = 433 + -228. Suppose -5*q - 5*n = -u, 0 = 6*q - 7*q - 4*n + 26. What is the highest common factor of q and 230?
46
Let f be ((-624)/(-40))/(8/20). Let d be (-624)/(-20) + (-16)/(-20). Suppose 0 = -d*t + f*t - 112. What is the highest common divisor of t and 80?
16
Suppose 4*j - 53 + 29 = 0, 2*j = -3*c + 33. What is the highest common factor of c and 23?
1
Suppose -731 = -4*q + p + 4*p, 0 = 5*q + 2*p - 922. Let t be 117 - (0 + (-2)/(-1)). Suppose t = 12*k - 7*k. Calculate the greatest common factor of q and k.
23
Let p be ((-20)/14)/(24/(-420)). Let d be (352/40)/(5/p). Calculate the greatest common divisor of d and 165.
11
Let n be -7 - -6 - (-21 + -7 + 9). Calculate the greatest common factor of n and 12294.
18
Suppose 410*g - 388*g - 46750 = 0. What is the greatest common factor of g and 125?
125
Let l = -429 + 1069. Calculate the highest common divisor of l and 2960.
80
Let l = 60 + 129. Suppose 11*s = 97 + l. What is the greatest common factor of s and 65?
13
Suppose -13*m = -11*m - 12, 3*y - 12114 = -4*m. What is the highest common divisor of 390 and y?
130
Let v = -2006 + 2519. What is the greatest common divisor of 1881 and v?
171
Let p = -67 - -44. Let r = -4 - p. Let m = 117 - r. What is the highest common factor of 14 and m?
14
Let k be (-32)/(-12) - 4/6. Suppose -4*g + 8 = 2*v, 5*g + k*v = 7*v - 5. Let f be ((3/(-6))/g)/((-1)/2). Calculate the highest common divisor of f and 11.
1
Let h = -153 + 218. Let m be (13/13)/((-4)/(-20)). What is the highest common divisor of m and h?
5
Suppose 1647 + 2013 = 10*o. Let x be (385/(-75) - -5) + o/45. Calculate the highest common factor of 72 and x.
8
Suppose 299*t - 268*t = 3410. Calculate the greatest common factor of 5445 and t.
55
Let u be ((20 - -51) + 39)*(9/2)/1. What is the greatest common factor of u and 180?
45
Let d = -7851 - -9024. Calculate the greatest common factor of 51 and d.
51
Let l(f) = 658*f + 9256. Let z be l(-14). Calculate the greatest common divisor of z and 3058.
22
Suppose -79137 = -17*m - 24771. Calculate the greatest common factor of 1230 and m.
246
Let m(j) = -2*j**3 + 22*j**2 + 22*j - 192. Let d be m(11). What is the greatest common divisor of 2210 and d?
10
Suppose 199*t + 200*t + 312 = 412*t. What is the greatest common divisor of 5736 and t?
24
Suppose 2 = 2*v - 2. Let c = 652 + -648. Suppose -v*j - 5*o = -43, 24 = -c*j + 4*o + 124. Calculate the highest common factor of j and 16.
8
Suppose r + 5*g - 52 = 6*g, 0 = 3*r - 4*g - 156. What is the highest common factor of 56 and r?
4
Let g(z) = -3*z**3 + 7*z**2 + 25*z. Let p be g(-4). Let j = p + -165. Let w be (-2)/(-5) - (-63)/5. What is the highest common factor of j and w?
13
Let x(p) = 11*p**2 + 102*p + 657. Let o be x(-6). Calculate the greatest common factor of o and 42.
21
Let s be 0 - 2 - 76*1. Let p = -62 - s. Let k = 70 - -26. Calculate the highest common divisor of p and k.
16
Suppose -8*g + 6978 = 642. Let c be (-76 + (-8)/(-2))*(-1)/1. Calculate the highest common divisor of g and c.
72
Suppose -5*t - 3*d = -924 + 780, -t + 68 = -5*d. Calculate the highest common divisor of 869 and t.
11
Let c be (-10)/8 + 1 - 98/(-8). Let t(m) = 3*m**2 - 23*m - 13. Let z be t(c). Calculate the highest common divisor of z and 13.
13
Let p(l) = -2*l**3 - 16*l**2 + 8*l - 19. Let q be p(-8). Let o = 104 + q. Calculate the greatest common factor of o and 238.
7
Suppose -82 = -26*o - 30. Suppose 3*s - 669 = 2*n - n, -3*s - o*n + 678 = 0. What is the greatest common divisor of s and 32?
32
Let h(b) = 221*b**2 - 537*b + 4816. Let q be h(9). What is the highest common divisor of 68 and q?
68
Let w be 0 - -2*(-11 + 9) - -404. What is the highest common factor of w and 1100?
100
Suppose 0 = -9*h - h + 50. Suppose -180 = -h*w - 5*i, 4*w + 0*i = -2*i + 140. Suppose -46 = -4*j + w. What is the highest common divisor of 20 and j?
20
Let a = -3 - -8. Suppose a*i - 5*z - 100 = 0, i = 2*i + z - 12. Suppose 0*n + 8 = n. What is the highest common divisor of i and n?
8
Suppose -67*t + 3*g + 885 = -66*t, -2715 = -3*t - 3*g. Calculate the highest common divisor of t and 18.
18
Suppose 0 = -592*z + 600*z - 3760. Let i be 846/(-21)*(-266)/57. What is the greatest common factor of z and i?
94
Suppose 2*p = 5*p - 48. Let j be (-1400)/(-2275) - (-11216)/26. What is the greatest common divisor of j and p?
16
Suppose 53*k - 73*k + 9600 = 0. Suppose -w = 2*q - 486, 4*w + 2*q - 2394 + k = 0. What is the greatest common divisor of w and 51?
17
Let p be -2 - ((-80)/3 - 14/(-21)). Suppose p*j = 10*j + 798. What is the highest common divisor of j and 19?
19
Suppose 26*i = -54 + 236. Suppose -11*c - 272 = -3*b - i*c, -4*b - 4*c + 316 = 0. Calculate the highest common divisor of b and 357.
21
Let o be 0 - -15 - (-139 - 134). Calculate the greatest common divisor of o and 1344.
96
Suppose -5*r = 5*i - 135, 10*i = -4*r + 13*i + 122. Let h = -26 + r. What is the highest common divisor of 132 and h?
3
Let d(n) = n**3 - 27*n**2 + 41*n - 90. Let b be d(26). Let o = 321 - b. What is the highest common divisor of 672 and o?
21
Let p(g) = g + 269 - 5*g + 3*g - 254. Let f be p(11). Suppose i + f*i = 140. What is the greatest common factor of 4 and i?
4
Suppose 8*n = 2*n - 48. Let h be (14 + -26)*(6/n + -2). Calculate the greatest common factor of h and 3.
3
Suppose -17*x + 80 - 80 = 0. Let j be (-14453)/(-298) - (x - -1)/2. Let v be 1/(-3) + 19/3. Calculate the greatest common divisor of j and v.
6
Let m be 13/(65/(-110))*-176. Calculate the highest common divisor of 1210 and m.
242
Let r be -8 + 8 + (-1 - -6). Suppose 0 = r*t - a - 29 - 33, -9 = -3*a. Calculate the greatest common divisor of t and 3.
1
Let t(y) = 5*y + 27. Let n be t(-5). Let k be (n - 4) + 5 + -1. Suppose 0*s - 2*s - 2*u = -74, k*s = 3*u + 69. What is the greatest common divisor of 12 and s?
12
Suppose -9*m - 740 = -l - 17*m, 2095 = 3*l - m. Calculate the greatest common divisor of l and 630.
70
Let r = 15694 - 15660. What is the highest common divisor of r and 6052?
34
Suppose r - 4 = -1. Suppose 132 + 174 = -6*k. Let d be (0 + 1)/((-17)/k). Calculate the highest common factor of r and d.
3
Let u = 11 + -6. Suppose 3*g = 6*z - 2*z + 10, -u*g + 5 = 5*z. Let n be (z + 2)/(4/100). Calculate the highest common factor of n and 10.
5
Let d(y) = -y**3 + 4*y**2 - 5*y - 49. Let o be d(-4). Calculate the greatest common factor of 396 and o.
99
Let z be ((-21)/(-2) + -3)*(-2170)/(-93). What is the highest common factor of 5075 and z?
175
Let a(y) = -4*y + 4. Let u be a(-7). Let h be u - (0 - -4 - 8). Let w be 6/h + (-419)/(-6). What is the greatest common factor of 7 and w?
7
Suppose -m - 375 = -6*m. Suppose -2*x = -2*c + 118, x + 68 + 111 = 3*c. What is the greatest common divisor of m and c?
15
Let s = 3867 + -1083. Calculate the greatest common factor of 192 and s.
96
Suppose -402605 = -139*w + 273213. Calculate the greatest common divisor of w and 52.
26
Let a(r) = -6*r**3 - 3*r**2 + 6*r + 6. Let c be a(-3). Let v = c + -102. What is the highest common divisor of v and 35?
7
Suppose -2*x = x + 3*c, 4*x = -3*c + 4. Let z be 7*20/(-350)*265. Let b = -96 - z. Calculate the greatest common divisor of x and b.
2
Suppose 33822 - 197471 = -449*f + 147508. What is the highest common factor of f and 132?
33
Let q(t) = 5*t**2 - t + 10. Suppose 7 = r + 4. Let n be q(r). Calculate the highest common factor of 260 and n.
52
Let o be 2/12 + (-376)/(-48). Let c be o + 9/(-27)*-354. What is the greatest common divisor of 210 and c?
42
Suppose 3 = 16*q - 13*q, 0 = 4*s + q - 43729. What is the greatest common factor of s and 12?
12
Let f(m) = m**2 + 286*m + 7031. Let v be f(-26). What is the greatest common factor of 31165 and v?
271
Suppose 33 = 77*m - 443 - 217. Calculate the highest common divisor of 3015 and m.
9
Let y be 32/20 + -2 + 217/5. Let s = y + -36. Suppose s*v - 2 - 5 = 0. What is the greatest common divisor of 1 and v?
1
Suppose 6*i = -10 + 4